{"id":214,"date":"2020-05-04T15:03:48","date_gmt":"2020-05-04T15:03:48","guid":{"rendered":"http:\/\/www.copainsdesoif.be\/site\/?page_id=214"},"modified":"2020-05-15T12:07:45","modified_gmt":"2020-05-15T12:07:45","slug":"les-7-pierres","status":"publish","type":"page","link":"https:\/\/www.copainsdesoif.be\/site\/index.php\/les-7-pierres\/","title":{"rendered":"Les 7 Pierres"},"content":{"rendered":"\n<ul class=\"wp-block-gallery columns-3 is-cropped wp-block-gallery-1 is-layout-flex wp-block-gallery-is-layout-flex\"><li class=\"blocks-gallery-item\"><figure><img loading=\"lazy\" decoding=\"async\" width=\"768\" height=\"1024\" src=\"http:\/\/www.copainsdesoif.be\/site\/wp-content\/uploads\/2020\/05\/684351E2-8F59-4241-8F4A-FBEF895B2AE6-768x1024.jpg\" alt=\"\" data-id=\"246\" data-link=\"http:\/\/www.copainsdesoif.be\/site\/index.php\/les-7-pierres\/684351e2-8f59-4241-8f4a-fbef895b2ae6\/\" class=\"wp-image-246\" srcset=\"https:\/\/www.copainsdesoif.be\/site\/wp-content\/uploads\/2020\/05\/684351E2-8F59-4241-8F4A-FBEF895B2AE6.jpg 768w, https:\/\/www.copainsdesoif.be\/site\/wp-content\/uploads\/2020\/05\/684351E2-8F59-4241-8F4A-FBEF895B2AE6-225x300.jpg 225w\" sizes=\"(max-width: 767px) 89vw, (max-width: 1000px) 54vw, (max-width: 1071px) 543px, 580px\" \/><\/figure><\/li><li class=\"blocks-gallery-item\"><figure><img loading=\"lazy\" decoding=\"async\" width=\"768\" height=\"1024\" src=\"http:\/\/www.copainsdesoif.be\/site\/wp-content\/uploads\/2020\/05\/688598B3-2C7B-4C08-B017-D2A19268AC93-768x1024.jpg\" alt=\"\" data-id=\"247\" data-link=\"http:\/\/www.copainsdesoif.be\/site\/index.php\/les-7-pierres\/688598b3-2c7b-4c08-b017-d2a19268ac93\/\" class=\"wp-image-247\" srcset=\"https:\/\/www.copainsdesoif.be\/site\/wp-content\/uploads\/2020\/05\/688598B3-2C7B-4C08-B017-D2A19268AC93.jpg 768w, https:\/\/www.copainsdesoif.be\/site\/wp-content\/uploads\/2020\/05\/688598B3-2C7B-4C08-B017-D2A19268AC93-225x300.jpg 225w\" sizes=\"(max-width: 767px) 89vw, (max-width: 1000px) 54vw, (max-width: 1071px) 543px, 580px\" \/><\/figure><\/li><li class=\"blocks-gallery-item\"><figure><img loading=\"lazy\" decoding=\"async\" width=\"600\" height=\"450\" src=\"http:\/\/www.copainsdesoif.be\/site\/wp-content\/uploads\/2020\/05\/entr\u00e9e-format-reduit.jpg\" alt=\"\" data-id=\"248\" data-link=\"http:\/\/www.copainsdesoif.be\/site\/index.php\/les-7-pierres\/entree-format-reduit\/\" class=\"wp-image-248\" srcset=\"https:\/\/www.copainsdesoif.be\/site\/wp-content\/uploads\/2020\/05\/entr\u00e9e-format-reduit.jpg 600w, https:\/\/www.copainsdesoif.be\/site\/wp-content\/uploads\/2020\/05\/entr\u00e9e-format-reduit-300x225.jpg 300w\" sizes=\"(max-width: 600px) 100vw, 600px\" \/><\/figure><\/li><li class=\"blocks-gallery-item\"><figure><img loading=\"lazy\" decoding=\"async\" width=\"768\" height=\"1024\" src=\"http:\/\/www.copainsdesoif.be\/site\/wp-content\/uploads\/2020\/05\/FullSizeRender-768x1024.jpg\" alt=\"\" data-id=\"249\" data-link=\"http:\/\/www.copainsdesoif.be\/site\/index.php\/les-7-pierres\/fullsizerender\/\" class=\"wp-image-249\" srcset=\"https:\/\/www.copainsdesoif.be\/site\/wp-content\/uploads\/2020\/05\/FullSizeRender.jpg 768w, https:\/\/www.copainsdesoif.be\/site\/wp-content\/uploads\/2020\/05\/FullSizeRender-225x300.jpg 225w\" sizes=\"(max-width: 767px) 89vw, (max-width: 1000px) 54vw, (max-width: 1071px) 543px, 580px\" \/><\/figure><\/li><li class=\"blocks-gallery-item\"><figure><img loading=\"lazy\" decoding=\"async\" width=\"768\" height=\"1024\" src=\"http:\/\/www.copainsdesoif.be\/site\/wp-content\/uploads\/2020\/05\/IMG_7376-1-768x1024.jpg\" alt=\"\" data-id=\"250\" data-link=\"http:\/\/www.copainsdesoif.be\/site\/index.php\/les-7-pierres\/img_7376-1\/\" class=\"wp-image-250\" srcset=\"https:\/\/www.copainsdesoif.be\/site\/wp-content\/uploads\/2020\/05\/IMG_7376-1.jpg 768w, https:\/\/www.copainsdesoif.be\/site\/wp-content\/uploads\/2020\/05\/IMG_7376-1-225x300.jpg 225w\" sizes=\"(max-width: 767px) 89vw, (max-width: 1000px) 54vw, (max-width: 1071px) 543px, 580px\" \/><\/figure><\/li><li class=\"blocks-gallery-item\"><figure><img loading=\"lazy\" decoding=\"async\" width=\"1024\" height=\"576\" src=\"http:\/\/www.copainsdesoif.be\/site\/wp-content\/uploads\/2020\/05\/IMG_20160621_163948-1024x576.jpg\" alt=\"\" data-id=\"251\" data-link=\"http:\/\/www.copainsdesoif.be\/site\/index.php\/les-7-pierres\/img_20160621_163948\/\" class=\"wp-image-251\" srcset=\"https:\/\/www.copainsdesoif.be\/site\/wp-content\/uploads\/2020\/05\/IMG_20160621_163948.jpg 1024w, https:\/\/www.copainsdesoif.be\/site\/wp-content\/uploads\/2020\/05\/IMG_20160621_163948-300x169.jpg 300w, https:\/\/www.copainsdesoif.be\/site\/wp-content\/uploads\/2020\/05\/IMG_20160621_163948-768x432.jpg 768w\" sizes=\"(max-width: 767px) 89vw, (max-width: 1000px) 54vw, (max-width: 1071px) 543px, 580px\" \/><\/figure><\/li><li class=\"blocks-gallery-item\"><figure><img loading=\"lazy\" decoding=\"async\" width=\"768\" height=\"1024\" src=\"http:\/\/www.copainsdesoif.be\/site\/wp-content\/uploads\/2020\/05\/VIGNE-EN-JUIN-2018-768x1024.jpg\" alt=\"\" data-id=\"252\" data-link=\"http:\/\/www.copainsdesoif.be\/site\/index.php\/les-7-pierres\/vigne-en-juin-2018\/\" class=\"wp-image-252\" srcset=\"https:\/\/www.copainsdesoif.be\/site\/wp-content\/uploads\/2020\/05\/VIGNE-EN-JUIN-2018.jpg 768w, https:\/\/www.copainsdesoif.be\/site\/wp-content\/uploads\/2020\/05\/VIGNE-EN-JUIN-2018-225x300.jpg 225w\" sizes=\"(max-width: 767px) 89vw, (max-width: 1000px) 54vw, (max-width: 1071px) 543px, 580px\" \/><\/figure><\/li><li class=\"blocks-gallery-item\"><figure><img loading=\"lazy\" decoding=\"async\" width=\"525\" height=\"300\" src=\"http:\/\/www.copainsdesoif.be\/site\/wp-content\/uploads\/2020\/05\/vignes3.jpg\" alt=\"\" data-id=\"253\" data-link=\"http:\/\/www.copainsdesoif.be\/site\/index.php\/les-7-pierres\/vignes3\/\" class=\"wp-image-253\" srcset=\"https:\/\/www.copainsdesoif.be\/site\/wp-content\/uploads\/2020\/05\/vignes3.jpg 525w, https:\/\/www.copainsdesoif.be\/site\/wp-content\/uploads\/2020\/05\/vignes3-300x171.jpg 300w\" sizes=\"(max-width: 525px) 100vw, 525px\" \/><\/figure><\/li><\/ul>\n\n\n\n<p class=\"has-medium-font-size\"><strong>WIJNEN<\/strong><\/p>\n\n\n\n<ul><li>AOP <strong>Coteaux de L&#8217;Ard\u00e8che Ros\u00e9<\/strong> (60% Gamay, 20% Grenache, 20% Cinsault)<ul><li>Rond, fruitig, mineraal<\/li><\/ul><\/li><li>AOP <strong>Coteaux de L&#8217;Ard\u00e8che Blanc <\/strong>(Chardonnay, Grenache Blanc, Marsanne, Viognier)<ul><li>Kruidig, rozijnen, anijs, fris, floraal<\/li><\/ul><\/li><li>AOP <strong>Saint Joseph rouge<\/strong> (100% Syrah)<ul><li>10 \u00e0 15 m opvoeding op hout, zachte, &amp; sappige tannines<\/li><\/ul><\/li><\/ul>\n","protected":false},"excerpt":{"rendered":"<p>WIJNEN AOP Coteaux de L&#8217;Ard\u00e8che Ros\u00e9 (60% Gamay, 20% Grenache, 20% Cinsault) Rond, fruitig, mineraal AOP Coteaux de L&#8217;Ard\u00e8che Blanc (Chardonnay, Grenache Blanc, Marsanne, Viognier) Kruidig, rozijnen, anijs, fris, floraal AOP Saint Joseph rouge (100% Syrah) 10 \u00e0 15 m opvoeding op hout, zachte, &amp; sappige tannines<\/p>\n","protected":false},"author":1,"featured_media":0,"parent":0,"menu_order":0,"comment_status":"closed","ping_status":"closed","template":"","meta":{"footnotes":""},"jetpack_sharing_enabled":true,"_links":{"self":[{"href":"https:\/\/www.copainsdesoif.be\/site\/index.php\/wp-json\/wp\/v2\/pages\/214"}],"collection":[{"href":"https:\/\/www.copainsdesoif.be\/site\/index.php\/wp-json\/wp\/v2\/pages"}],"about":[{"href":"https:\/\/www.copainsdesoif.be\/site\/index.php\/wp-json\/wp\/v2\/types\/page"}],"author":[{"embeddable":true,"href":"https:\/\/www.copainsdesoif.be\/site\/index.php\/wp-json\/wp\/v2\/users\/1"}],"replies":[{"embeddable":true,"href":"https:\/\/www.copainsdesoif.be\/site\/index.php\/wp-json\/wp\/v2\/comments?post=214"}],"version-history":[{"count":3,"href":"https:\/\/www.copainsdesoif.be\/site\/index.php\/wp-json\/wp\/v2\/pages\/214\/revisions"}],"predecessor-version":[{"id":282,"href":"https:\/\/www.copainsdesoif.be\/site\/index.php\/wp-json\/wp\/v2\/pages\/214\/revisions\/282"}],"wp:attachment":[{"href":"https:\/\/www.copainsdesoif.be\/site\/index.php\/wp-json\/wp\/v2\/media?parent=214"}],"curies":[{"name":"wp","href":"https:\/\/api.w.org\/{rel}","templated":true}]}}